NOAA-Style Climate Reports

Select a Year or Month report
2021: Jan Feb Mar Apr May Jun Jul Aug Sep Oct Nov Dec
2020: Jan Feb Mar Apr May Jun Jul Aug Sep Oct Nov Dec
2019: Jan Feb Mar Apr May Jun Jul Aug Sep Oct Nov Dec
2018: Jan Feb Mar Apr May Jun Jul Aug Sep Oct Nov Dec
2017: Jan Feb Mar Apr May Jun Jul Aug Sep Oct Nov Dec
2016: Jan Feb Mar Apr May Jun Jul Aug Sep Oct Nov Dec

Report for 2021 May
                   Monthly Climatological Summary for May 2021

Name: Lockport Weather   City: Lockport   State: NY
Elevation: 625 ft  Lat: N 43° 08' 53"   Lon: W 078° 41' 08"

                  Temperature (°F), Rain (in), Wind Speed (mph)

                                      Heat  Cool        Avg
    Mean                              Deg   Deg         Wind                 Dom
Day Temp  High   Time   Low    Time   Days  Days  Rain  Speed High   Time    Dir
----------------------------------------------------------------------------------
01  45.2  56.9   16:33  34.3   06:51  19.8   0.0  0.01   3.6  22.0   15:23   WSW
02  57.7  64.4   14:57  50.4   00:00   7.3   0.0  0.00   4.3  23.0   04:52   SSE
03  55.3  65.9   09:58  45.2   23:46   9.7   0.0  0.02   4.6  16.0   19:01   ENE
04  54.0  67.8   16:48  43.7   04:42  11.2   0.2  0.02   1.8  13.0   15:04   WSW
05  49.2  53.9   00:00  45.7   23:53  15.8   0.0  0.03   2.8  16.0   17:34     W
06  47.1  57.3   16:30  37.6   06:23  17.9   0.0  0.00   2.2  13.0   16:56   WSW
07  42.5  47.0   00:37  36.7   23:58  22.5   0.0  0.40   1.5  11.0   13:13   NNE
08  45.7  59.3   14:49  35.0   02:07  19.3   0.0  0.01   2.6  20.0   16:36   WSW
09  45.4  53.3   13:06  39.4   05:40  19.6   0.0  0.08   1.5  10.0   10:30   SSW
10  47.2  57.4   15:27  38.5   07:05  17.8   0.0  0.00   2.8  19.0   15:28    SW
11  44.8  54.4   16:19  35.8   04:00  20.2   0.0  0.00   3.6  19.0   12:20     W
12  50.4  64.3   15:59  37.6   06:28  14.6   0.0  0.00   2.7  16.0   13:33   WNW
13  53.5  69.8   15:31  37.1   05:45  12.0   0.5  0.00   1.8  14.0   18:25   WSW
14  55.5  71.3   15:25  38.0   06:18  10.6   1.1  0.00   2.1  18.0   18:29    SW
15  58.0  73.3   16:21  42.0   05:33   8.7   1.7  0.00   1.7  14.0   15:28    SW
16  58.9  72.2   16:28  46.5   06:31   7.1   1.1  0.00   1.1  22.0   13:27   ENE
17  60.6  77.7   15:15  43.8   04:58   7.2   2.9  0.00   1.2  10.0   15:48     W
18  64.4  79.6   15:42  47.0   06:21   5.6   5.0  0.00   1.4  13.0   17:34    SW
19  67.1  82.6   14:04  49.1   05:46   4.1   6.2  0.00   1.1  12.0   14:56   NNE
20  72.7  88.6   16:14  56.4   06:03   1.6   9.3  0.00   1.2  10.0   12:24     S
21  72.8  87.8   14:06  57.6   05:16   1.5   9.3  0.00   2.1  18.0   14:43    SW
22  70.8  83.0   13:59  63.8   02:54   0.0   5.9  0.00   2.0  13.0   14:18    SW
23  67.6  77.7   10:43  57.3   23:58   0.8   3.4  0.00   2.4  14.0   11:58   NNW
24  61.8  75.6   14:58  50.5   06:03   5.1   1.9  0.00   2.6  12.0   15:51   ENE
25  71.8  85.7   15:01  56.5   02:21   1.9   8.7  0.00   3.4  29.0   16:30    SW
26  70.9  76.6   01:48  58.6   23:59   0.6   6.5  0.22   3.8  25.0   10:29    SW
27  55.5  64.5   15:44  46.3   05:46   9.5   0.0  0.01   2.2  17.0   10:37    NW
28  43.4  51.9   00:00  38.0   13:15  21.6   0.0  0.17   7.0  24.0   17:57    NE
29  50.0  62.7   16:32  42.3   00:00  15.0   0.0  0.00   5.0  24.0   12:56    NE
30  53.1  66.9   15:03  37.1   05:41  12.0   0.1  0.00   2.6  16.0   14:15    NE
31  57.0  72.3   14:49  38.9   05:26   9.4   1.4  0.00   2.2  18.0   17:38    SW
----------------------------------------------------------------------------------
    56.4  88.6    20    34.3     1   330.0  65.2  0.97   2.6  29.0    25     WSW

Max >=  80.0  5
Max <=  32.0  0
Min <=  32.0  0
Min <=   0.0  0
Max Rain: 0.40 on day 7
Days of Rain: 10 (>= 0.01 in)  3 (>= 0.10 in)  0 (>= 1.00 in)
Heat Base: 65.0  Cool Base: 65.0  Method: Integration