NOAA-Style Climate Reports

Select a Year or Month report
2021: Jan Feb Mar Apr May Jun Jul Aug Sep Oct Nov Dec
2020: Jan Feb Mar Apr May Jun Jul Aug Sep Oct Nov Dec
2019: Jan Feb Mar Apr May Jun Jul Aug Sep Oct Nov Dec
2018: Jan Feb Mar Apr May Jun Jul Aug Sep Oct Nov Dec
2017: Jan Feb Mar Apr May Jun Jul Aug Sep Oct Nov Dec
2016: Jan Feb Mar Apr May Jun Jul Aug Sep Oct Nov Dec

Report for 2021 April
                   Monthly Climatological Summary for Apr 2021

Name: Lockport Weather   City: Lockport   State: NY
Elevation: 625 ft  Lat: N 43° 08' 53"   Lon: W 078° 41' 08"

                  Temperature (°F), Rain (in), Wind Speed (mph)

                                      Heat  Cool        Avg
    Mean                              Deg   Deg         Wind                 Dom
Day Temp  High   Time   Low    Time   Days  Days  Rain  Speed High   Time    Dir
----------------------------------------------------------------------------------
01  32.1  37.2   00:00  28.3   19:04  32.9   0.0  0.02   5.7  26.0   22:29    NW
02  30.8  39.8   16:04  24.5   07:15  34.2   0.0  0.00   5.5  25.0   08:37    NW
03  35.0  47.8   15:11  19.9   06:47  30.0   0.0  0.00   3.3  22.0   11:55   SSW
04  43.3  57.5   15:59  28.7   06:37  21.7   0.0  0.00   1.9  12.0   14:34   WNW
05  43.8  59.6   14:27  28.6   07:11  21.2   0.0  0.00   1.3  13.0   15:39     N
06  49.6  67.2   16:18  31.4   06:01  15.4   0.1  0.00   3.0  16.0   17:56   ENE
07  56.2  70.4   16:28  42.2   07:07   9.5   0.8  0.00   4.6  20.0   01:06   ENE
08  65.4  81.7   16:00  47.8   07:15   5.4   5.8  0.00   5.0  22.0   17:33     E
09  62.0  71.7   16:10  55.2   23:40   3.7   0.7  0.05   3.1  17.0   04:42   SSE
10  63.6  77.7   14:46  47.3   06:48   5.1   3.7  0.00   2.5  14.0   15:06     E
11  60.4  67.1   15:31  56.3   23:58   4.6   0.0  0.60   3.0  14.0   21:48     E
12  51.8  56.3   00:00  49.3   23:16  13.2   0.0  0.07   2.4  13.0   00:01    NE
13  50.8  61.8   16:11  41.6   23:59  14.1   0.0  0.01   1.9   8.0   08:29   WSW
14  48.9  62.1   15:27  37.0   06:44  16.1   0.0  0.00   2.8  20.0   17:05    SW
15  40.8  45.5   01:34  37.5   18:13  24.2   0.0  0.29   2.6  16.0   16:54   WSW
16  41.4  46.3   15:16  37.8   01:02  23.6   0.0  0.24   3.6  18.0   13:00     W
17  44.2  50.4   15:58  38.8   06:53  20.8   0.0  0.00   2.7  14.0   18:41    SW
18  47.7  58.9   13:46  37.1   06:48  17.3   0.0  0.00   2.9  19.0   15:40    SW
19  50.6  64.1   15:36  34.5   06:11  14.4   0.0  0.02   4.1  26.0   19:57    SW
20  40.4  48.3   12:30  32.0   23:57  24.7   0.0  0.18   4.6  22.0   11:56   WSW
21  32.3  37.1   15:00  29.8   06:13  32.7   0.0  0.51   3.4  18.0   20:54    NW
22  33.9  40.6   13:31  28.5   05:10  31.1   0.0  0.08   4.4  28.0   13:05     W
23  44.2  58.0   16:32  29.7   01:42  20.8   0.0  0.00   5.0  29.0   14:19    SW
24  52.8  65.2   14:41  39.0   06:41  12.2   0.0  0.00   2.7  16.0   12:19    SW
25  47.0  55.1   12:37  34.3   23:57  18.0   0.0  0.02   3.7  22.0   15:44     W
26  40.5  50.6   16:23  32.7   07:14  24.5   0.0  0.00   3.0  14.0   02:24    NW
27  55.9  74.6   16:07  39.7   00:36  10.5   1.4  0.04   3.5  19.0   04:13   ENE
28  56.2  71.3   18:04  47.1   06:29   9.6   0.8  0.05   3.3  22.0   11:01   WSW
29  48.2  51.6   00:02  45.6   20:00  16.8   0.0  0.58   2.7  13.0   18:43    NE
30  44.8  49.4   00:40  40.3   23:07  20.2   0.0  0.02   5.8  26.0   16:37     W
----------------------------------------------------------------------------------
    47.2  81.7     8    19.9     3   548.5  13.3  2.78   3.5  29.0    23       W

Max >=  80.0  1
Max <=  32.0  0
Min <=  32.0 10
Min <=   0.0  0
Max Rain: 0.60 on day 11
Days of Rain: 16 (>= 0.01 in)  6 (>= 0.10 in)  0 (>= 1.00 in)
Heat Base: 65.0  Cool Base: 65.0  Method: Integration