NOAA-Style Climate Reports

Select a Year or Month report
2021: Jan Feb Mar Apr May Jun Jul Aug Sep Oct Nov Dec
2020: Jan Feb Mar Apr May Jun Jul Aug Sep Oct Nov Dec
2019: Jan Feb Mar Apr May Jun Jul Aug Sep Oct Nov Dec
2018: Jan Feb Mar Apr May Jun Jul Aug Sep Oct Nov Dec
2017: Jan Feb Mar Apr May Jun Jul Aug Sep Oct Nov Dec
2016: Jan Feb Mar Apr May Jun Jul Aug Sep Oct Nov Dec

Report for 2021 March
                   Monthly Climatological Summary for Mar 2021

Name: Lockport Weather   City: Lockport   State: NY
Elevation: 625 ft  Lat: N 43° 08' 53"   Lon: W 078° 41' 08"

                  Temperature (°F), Rain (in), Wind Speed (mph)

                                      Heat  Cool        Avg
    Mean                              Deg   Deg         Wind                 Dom
Day Temp  High   Time   Low    Time   Days  Days  Rain  Speed High   Time    Dir
----------------------------------------------------------------------------------
01  31.5  47.1   01:16  17.1   23:56  33.5   0.0  0.02   6.3  27.0   16:28     W
02  21.7  29.3   23:59  13.5   06:53  43.3   0.0  0.00   4.0  22.0   00:01   WSW
03  36.5  43.4   13:58  29.3   00:00  28.4   0.0  0.00   4.4  25.0   02:00    SW
04  27.0  34.0   00:14  19.6   22:53  38.0   0.0  0.00   4.3  22.0   11:08    NW
05  25.7  33.7   15:39  17.7   06:53  39.3   0.0  0.00   4.9  23.0   23:10   WNW
06  24.2  28.7   14:17  19.6   06:57  40.8   0.0  0.00   3.5  19.0   00:15   WNW
07  23.4  32.9   13:27  15.8   06:53  41.6   0.0  0.00   1.4  12.0   13:55    NW
08  34.1  50.3   16:21  15.2   05:39  30.9   0.0  0.00   3.4  18.0   12:20   SSW
09  40.5  51.4   14:26  30.3   06:22  24.5   0.0  0.00   1.7   9.0   12:59     W
10  51.8  69.7   14:06  30.6   04:10  13.8   0.6  0.00   3.1  24.0   14:01     S
11  60.9  68.3   16:08  45.2   23:51   4.6   0.5  0.05   6.8  29.0   17:02    SW
12  40.2  51.3   14:00  26.1   23:45  24.8   0.0  0.00   5.2  25.0   13:39   WSW
13  30.5  38.0   14:43  24.7   01:51  34.5   0.0  0.00   4.6  22.0   19:00    SW
14  31.9  40.9   11:58  23.6   23:58  31.7   0.0  0.00   4.5  23.0   15:13    NW
15  23.9  31.8   16:52  17.2   07:38  41.1   0.0  0.00   4.1  16.0   03:17   NNE
16  33.0  43.3   13:58  23.1   00:00  32.0   0.0  0.00   3.3  14.0   05:18     E
17  41.2  53.9   15:21  30.5   00:57  23.8   0.0  0.00   1.5  10.0   15:31     N
18  38.4  41.3   14:16  32.4   23:55  26.6   0.0  0.00   5.7  22.0   21:14    NE
19  30.2  38.7   16:13  23.9   07:21  34.8   0.0  0.00   4.0  19.0   01:30   NNE
20  39.9  56.7   15:54  23.5   11:13  22.5   0.0  0.00   2.1  11.0   11:53    SW
21  43.1  66.5   14:46  24.8   07:09  21.9   0.0  0.00   1.7  11.0   15:00    NE
22  49.6  68.9   15:58  30.5   04:05  15.9   0.5  0.00   2.0  13.0   11:47   SSW
23  50.9  69.4   14:18  33.4   07:23  14.2   0.2  0.00   1.7  12.0   15:51     E
24  59.8  72.4   16:19  50.9   08:28   6.3   1.1  0.06   3.0  14.0   16:21     S
25  58.5  70.7   16:20  48.6   07:50   7.2   0.7  0.02   3.5  19.0   12:32    SW
26  47.0  54.0   08:49  40.4   23:56  18.0   0.0  0.31   5.6  43.0   11:06   WSW
27  43.6  57.0   16:46  36.8   04:26  21.4   0.0  0.00   3.6  16.0   19:00   ENE
28  45.4  56.0   08:36  37.2   23:59  19.6   0.0  0.49   5.5  29.0   19:55    SW
29  36.7  44.2   15:02  30.7   23:23  28.3   0.0  0.00   6.0  25.0   00:15     W
30  53.4  72.8   16:40  30.3   04:50  13.1   1.5  0.00   5.2  29.0   12:40   SSW
31  50.4  64.5   04:17  37.1   23:57  14.6   0.0  0.10   5.1  22.0   04:31    SW
----------------------------------------------------------------------------------
    39.5  72.8    30    13.5     2   791.0   5.1  1.05   3.9  43.0    26     WSW

Max >=  80.0  0
Max <=  32.0  3
Min <=  32.0 22
Min <=   0.0  0
Max Rain: 0.49 on day 28
Days of Rain: 7 (>= 0.01 in)  3 (>= 0.10 in)  0 (>= 1.00 in)
Heat Base: 65.0  Cool Base: 65.0  Method: Integration