NOAA-Style Climate Reports

Select a Year or Month report
2021: Jan Feb Mar Apr May Jun Jul Aug Sep Oct Nov Dec
2020: Jan Feb Mar Apr May Jun Jul Aug Sep Oct Nov Dec
2019: Jan Feb Mar Apr May Jun Jul Aug Sep Oct Nov Dec
2018: Jan Feb Mar Apr May Jun Jul Aug Sep Oct Nov Dec
2017: Jan Feb Mar Apr May Jun Jul Aug Sep Oct Nov Dec
2016: Jan Feb Mar Apr May Jun Jul Aug Sep Oct Nov Dec

Report for 2021 February
                   Monthly Climatological Summary for Feb 2021

Name: Lockport Weather   City: Lockport   State: NY
Elevation: 625 ft  Lat: N 43° 08' 53"   Lon: W 078° 41' 08"

                  Temperature (°F), Rain (in), Wind Speed (mph)

                                      Heat  Cool        Avg
    Mean                              Deg   Deg         Wind                 Dom
Day Temp  High   Time   Low    Time   Days  Days  Rain  Speed High   Time    Dir
----------------------------------------------------------------------------------
01  34.8  34.8   00:00  34.8   00:00   0.0   0.0  0.00   5.2   2.0   00:00    NE
02  34.8  34.8   00:00  34.8   00:00   0.0   0.0  0.00   3.5   2.0   00:00   NNW
03  34.8  34.8   00:00  34.8   00:00   0.0   0.0  0.00   4.0   2.0   00:00   WNW
04  34.8  34.8   00:00  34.8   00:00   0.0   0.0  0.00   2.5   2.0   00:00   SSW
05  34.2  36.7   00:25  31.7   00:00  10.4   0.0  0.10   6.1  27.0   08:02     S
06  32.2  32.2   00:00  32.2   00:00   0.0   0.0  0.00   3.7   6.0   00:00    SW
07  32.2  32.2   00:00  32.2   00:00   0.0   0.0  0.00   2.9   6.0   00:00   WSW
08  32.2  32.2   00:00  32.2   00:00   0.0   0.0  0.00   1.6   6.0   00:00    SW
09  32.2  32.2   00:00  32.2   00:00   0.0   0.0  0.00   1.1   6.0   00:00     W
10  32.2  32.2   00:00  32.2   00:00   0.0   0.0  0.00   1.9   6.0   00:00   WSW
11  32.2  32.2   00:00  32.2   00:00   0.0   0.0  0.00   1.5   6.0   00:00    NW
12  32.2  32.2   00:00  32.2   00:00   0.0   0.0  0.00   3.8   6.0   00:00   ENE
13  32.2  32.2   00:00  32.2   00:00   0.0   0.0  0.00   4.4   6.0   00:00   ENE
14  32.2  32.2   00:00  32.2   00:00   0.0   0.0  0.00   1.4   6.0   00:00   WSW
15  21.3  26.9   12:15  11.5   02:15  43.6   0.0  0.34   2.3  15.0   22:24   NNE
16  19.8  23.7   03:03  12.5   23:56  45.2   0.0  0.00   4.7  20.0   03:17     N
17  16.8  32.0   13:54   4.0   03:21  48.2   0.0  0.26   1.5  10.0   12:15   WSW
18  21.6  27.0   11:40  15.4   00:00  43.4   0.0  0.00   4.1  16.0   12:11   ENE
19  24.2  32.9   13:28  20.8   00:58  40.8   0.0  0.08   2.2  11.0   13:01   WSW
20  23.2  29.4   13:12  17.4   23:59  41.8   0.0  0.06   2.8  17.0   16:12   WSW
21  20.7  32.7   14:21   3.8   06:45  44.3   0.0  0.04   1.8  12.0   09:51   SSW
22  32.6  36.8   12:03  26.7   00:00  32.4   0.0  0.22   5.5  23.0   15:04   SSW
23  34.5  38.1   15:40  29.6   05:30  30.5   0.0  0.06   4.9  23.0   00:22    SW
24  39.7  55.4   13:29  29.8   04:21  25.2   0.0  0.00   4.7  29.0   16:36    SW
25  31.0  36.9   14:31  27.7   21:04  33.9   0.0  0.00   3.9  18.0   09:39   WSW
26  30.6  38.9   12:56  17.7   07:03  34.4   0.0  0.00   2.4  11.0   17:12   ESE
27  36.6  43.2   13:34  28.0   00:11  28.4   0.0  0.16   4.0  28.0   11:32   SSW
28  37.8  48.8   16:23  27.7   03:44  27.2   0.0  0.00   2.9  16.0   11:25    SE
----------------------------------------------------------------------------------
    30.5  55.4    24     3.8    21   529.7   0.0  1.32   3.2  29.0    24      SW

Max >=  80.0  0
Max <=  32.0  5
Min <=  32.0 15
Min <=   0.0  0
Max Rain: 0.34 on day 15
Days of Rain: 9 (>= 0.01 in)  5 (>= 0.10 in)  0 (>= 1.00 in)
Heat Base: 65.0  Cool Base: 65.0  Method: Integration