NOAA-Style Climate Reports

Select a Year or Month report
2021: Jan Feb Mar Apr May Jun Jul Aug Sep Oct Nov Dec
2020: Jan Feb Mar Apr May Jun Jul Aug Sep Oct Nov Dec
2019: Jan Feb Mar Apr May Jun Jul Aug Sep Oct Nov Dec
2018: Jan Feb Mar Apr May Jun Jul Aug Sep Oct Nov Dec
2017: Jan Feb Mar Apr May Jun Jul Aug Sep Oct Nov Dec
2016: Jan Feb Mar Apr May Jun Jul Aug Sep Oct Nov Dec

Report for 2020 December
                   Monthly Climatological Summary for Dec 2020

Name: Lockport Weather   City: Lockport   State: NY
Elevation: 625 ft  Lat: N 43° 08' 53"   Lon: W 078° 41' 08"

                  Temperature (°F), Rain (in), Wind Speed (mph)

                                      Heat  Cool        Avg
    Mean                              Deg   Deg         Wind                 Dom
Day Temp  High   Time   Low    Time   Days  Days  Rain  Speed High   Time    Dir
----------------------------------------------------------------------------------
01  32.4  36.3   00:00  28.5   23:53  32.6   0.0  0.14   1.8  10.0   14:23     W
02  32.3  37.9   14:46  27.9   00:53  32.7   0.0  0.24   3.6  19.0   15:41   WSW
03  39.7  43.5   13:49  36.2   04:05  25.3   0.0  0.18   6.4  25.0   11:28    SW
04  40.4  43.3   10:57  35.6   22:01  24.6   0.0  0.04   4.0  22.0   00:37    SW
05  33.2  36.4   00:07  28.2   21:59  31.8   0.0  0.06   2.5  17.0   18:36    NW
06  28.7  33.0   14:28  25.9   20:37  36.3   0.0  0.00   2.2  12.0   01:02   WNW
07  28.0  32.8   12:36  24.4   07:59  37.0   0.0  0.00   2.5  14.0   12:30    NW
08  29.8  35.9   23:57  24.8   08:22  35.2   0.0  0.00   2.5  12.0   10:34   WSW
09  35.7  37.8   01:40  32.8   07:15  29.3   0.0  0.19   4.0  29.0   03:59    SW
10  37.6  42.3   13:04  29.2   23:03  27.4   0.0  0.00   1.8  11.0   13:23   WSW
11  39.1  53.2   13:02  28.4   03:49  25.9   0.0  0.00   1.7  13.0   12:31    SW
12  44.7  52.0   19:23  38.1   00:01  20.3   0.0  0.09   4.4  21.0   23:05   ESE
13  37.1  46.8   00:00  32.8   23:59  27.9   0.0  0.03   3.8  23.0   01:02   WSW
14  32.2  37.7   12:54  28.7   23:50  32.8   0.0  0.00   2.9  18.0   20:54   WSW
15  26.2  29.4   01:24  20.9   23:59  38.8   0.0  0.00   2.8  13.0   01:54   NNW
16  22.0  24.8   14:51  19.1   08:23  43.0   0.0  0.00   5.7  17.0   16:14   ENE
17  22.7  23.8   00:00  20.7   06:40  42.3   0.0  0.00   3.0  13.0   00:02    NE
18  20.9  29.0   13:38  12.8   08:11  44.1   0.0  0.11   0.7   6.0   11:46     N
19  30.2  36.4   23:51  15.6   00:53  34.8   0.0  0.03   2.1  14.0   23:35   SSE
20  35.9  37.8   14:22  33.6   05:09  29.1   0.0  0.12   3.2  12.0   00:11   SSW
21  35.3  39.0   15:35  30.3   03:57  29.7   0.0  0.07   1.7  12.0   01:17   SSW
22  34.7  38.5   11:03  32.9   08:13  30.3   0.0  0.00   2.6  16.0   11:52     W
23  38.5  47.2   15:07  29.8   04:13  26.4   0.0  0.00   3.0  14.0   16:11   SSE
24  42.8  52.2   13:00  31.9   23:51  22.2   0.0  0.41   4.3  27.0   10:01     S
25  27.3  32.0   00:00  21.6   21:40  37.8   0.0  0.01   3.8  19.0   19:38   WSW
26  23.9  26.6   12:05  22.0   03:46  41.1   0.0  0.00   4.6  21.0   03:07    SW
27  29.5  34.3   23:57  26.3   00:00  35.5   0.0  0.00   3.0  14.0   01:06   SSE
28  35.2  40.0   02:51  28.4   23:22  29.8   0.0  0.55   5.6  24.0   08:58    SW
29  26.1  30.4   12:26  19.6   20:54  38.9   0.0  0.01   2.6  15.0   01:30     W
30  34.5  43.3   20:08  21.9   00:00  30.5   0.0  0.46   4.5  24.0   11:03     S
31  32.5  36.8   00:00  28.2   21:26  32.5   0.0  0.03   2.3  15.0   04:55   WSW
----------------------------------------------------------------------------------
    32.6  53.2    11    12.8    18  1005.9   0.0  2.77   3.2  29.0     9      SW

Max >=  80.0  0
Max <=  32.0  7
Min <=  32.0 24
Min <=   0.0  0
Max Rain: 0.55 on day 28
Days of Rain: 18 (>= 0.01 in)  9 (>= 0.10 in)  0 (>= 1.00 in)
Heat Base: 65.0  Cool Base: 65.0  Method: Integration