NOAA-Style Climate Reports

Select a Year or Month report
2021: Jan Feb Mar Apr May Jun Jul Aug Sep Oct Nov Dec
2020: Jan Feb Mar Apr May Jun Jul Aug Sep Oct Nov Dec
2019: Jan Feb Mar Apr May Jun Jul Aug Sep Oct Nov Dec
2018: Jan Feb Mar Apr May Jun Jul Aug Sep Oct Nov Dec
2017: Jan Feb Mar Apr May Jun Jul Aug Sep Oct Nov Dec
2016: Jan Feb Mar Apr May Jun Jul Aug Sep Oct Nov Dec

Report for 2020 November
                   Monthly Climatological Summary for Nov 2020

Name: Lockport Weather   City: Lockport   State: NY
Elevation: 625 ft  Lat: N 43° 08' 53"   Lon: W 078° 41' 08"

                  Temperature (°F), Rain (in), Wind Speed (mph)

                                      Heat  Cool        Avg
    Mean                              Deg   Deg         Wind                 Dom
Day Temp  High   Time   Low    Time   Days  Days  Rain  Speed High   Time    Dir
----------------------------------------------------------------------------------
01  41.0  52.3   08:02  33.8   23:17  25.0   0.0  0.00   4.2  21.0   20:11    SW
02  36.8  44.5   20:17  30.5   07:20  28.2   0.0  0.00   5.1  29.0   19:36     W
03  40.6  44.9   14:11  34.9   22:48  24.4   0.0  0.00   2.4  19.0   02:31   WNW
04  55.5  68.4   14:29  35.0   01:15   9.8   0.4  0.00   4.3  29.0   11:39   SSW
05  59.3  66.3   14:46  50.5   01:39   5.7   0.1  0.00   3.8  23.0   11:30   SSW
06  58.7  64.7   13:19  53.7   21:44   6.3   0.0  0.00   4.6  23.0   12:19    SW
07  57.8  67.6   12:35  46.6   23:58   7.5   0.3  0.00   3.2  17.0   13:55   SSW
08  52.4  72.1   13:14  38.6   07:03  13.7   1.1  0.00   0.8   7.0   10:04   SSW
09  55.5  76.9   13:16  42.1   06:54  11.9   2.4  0.00   0.7   9.0   14:18   SSW
10  60.5  76.5   14:43  46.4   05:32   7.2   2.8  0.00   2.1  16.0   12:41   SSW
11  57.7  68.6   02:32  42.6   23:59   7.5   0.2  0.00   4.2  24.0   10:22    SW
12  41.2  50.7   12:58  30.6   23:50  23.8   0.0  0.00   1.5   9.0   14:12     N
13  40.3  50.0   12:33  30.5   07:32  24.7   0.0  0.26   2.4  13.0   11:12   WSW
14  37.1  46.0   12:37  29.0   20:06  27.9   0.0  0.02   1.8  11.0   14:13    SW
15  45.6  56.7   14:49  35.3   00:00  19.4   0.0  0.19   7.0  34.0   16:59     S
16  40.0  42.8   12:30  37.5   23:00  25.0   0.0  0.00   5.2  26.0   12:57   WSW
17  33.9  38.2   11:59  29.1   23:56  31.1   0.0  0.00   3.9  24.0   16:28     W
18  28.3  33.5   15:57  24.6   06:00  36.7   0.0  0.06   1.6  12.0   00:03     W
19  49.6  61.3   19:24  30.4   01:50  15.3   0.0  0.00   6.6  29.0   13:56   SSW
20  57.1  61.3   11:46  46.9   23:58   7.9   0.0  0.00   7.2  32.0   11:05    SW
21  40.8  46.9   00:00  37.4   23:59  24.2   0.0  0.00   1.7   9.0   08:20   WNW
22  34.6  37.5   00:00  32.6   13:19  30.4   0.0  0.50   3.0  14.0   15:24    NE
23  36.1  40.8   11:46  31.0   07:42  28.9   0.0  0.02   3.1  13.0   18:21   WSW
24  34.5  36.4   03:58  32.2   21:56  30.5   0.0  0.00   2.8  13.0   21:27   NNE
25  43.0  51.5   13:56  32.4   00:00  22.0   0.0  0.16   2.4  13.0   11:59   SSE
26  49.2  52.4   10:48  45.5   23:55  15.8   0.0  0.08   3.4  16.0   17:47   SSW
27  45.0  48.5   12:06  42.4   07:44  20.0   0.0  0.00   1.8  12.0   15:23   WSW
28  41.2  45.4   12:50  38.9   19:08  23.8   0.0  0.00   3.9  18.0   20:28   WSW
29  43.1  50.7   13:58  37.7   04:41  21.9   0.0  0.00   3.9  21.0   10:46   SSW
30  39.6  41.8   13:32  36.2   23:58  25.4   0.0  0.58   3.1  17.0   13:10     N
----------------------------------------------------------------------------------
    45.2  76.9     9    24.6    18   601.9   7.3  1.87   3.4  34.0    15      SW

Max >=  80.0  0
Max <=  32.0  0
Min <=  32.0  8
Min <=   0.0  0
Max Rain: 0.58 on day 30
Days of Rain: 9 (>= 0.01 in)  5 (>= 0.10 in)  0 (>= 1.00 in)
Heat Base: 65.0  Cool Base: 65.0  Method: Integration