NOAA-Style Climate Reports

Select a Year or Month report
2021: Jan Feb Mar Apr May Jun Jul Aug Sep Oct Nov Dec
2020: Jan Feb Mar Apr May Jun Jul Aug Sep Oct Nov Dec
2019: Jan Feb Mar Apr May Jun Jul Aug Sep Oct Nov Dec
2018: Jan Feb Mar Apr May Jun Jul Aug Sep Oct Nov Dec
2017: Jan Feb Mar Apr May Jun Jul Aug Sep Oct Nov Dec
2016: Jan Feb Mar Apr May Jun Jul Aug Sep Oct Nov Dec

Report for 2020 October
                   Monthly Climatological Summary for Oct 2020

Name: Lockport Weather   City: Lockport   State: NY
Elevation: 625 ft  Lat: N 43° 08' 53"   Lon: W 078° 41' 08"

                  Temperature (°F), Rain (in), Wind Speed (mph)

                                      Heat  Cool        Avg
    Mean                              Deg   Deg         Wind                 Dom
Day Temp  High   Time   Low    Time   Days  Days  Rain  Speed High   Time    Dir
----------------------------------------------------------------------------------
01  54.2  63.6   14:59  47.8   20:32  10.8   0.0  0.00   2.2  16.0   13:12    SW
02  50.6  58.6   14:08  45.4   03:24  14.4   0.0  0.19   1.0  10.0   09:40    SW
03  48.0  55.3   14:19  40.9   07:23  17.0   0.0  0.07   0.3   7.0   12:04    SW
04  51.1  62.1   15:16  41.6   02:19  13.9   0.0  0.00   0.6   8.0   11:53     S
05  51.2  58.7   15:32  44.6   23:59  13.8   0.0  0.00   0.6   9.0   16:05   WSW
06  54.7  65.3   15:14  42.6   03:11  10.2   0.0  0.00   2.9  23.0   12:20   SSW
07  59.3  66.4   15:07  51.5   23:42   5.8   0.0  0.00   3.5  22.0   10:25   WSW
08  50.9  59.6   14:42  43.7   07:29  14.1   0.0  0.00   0.7  13.0   13:32   WSW
09  54.1  66.9   16:31  39.4   08:04  11.0   0.1  0.00   1.6  18.0   23:12   SSW
10  65.8  72.3   14:38  52.1   23:57   1.5   2.3  0.00   4.6  27.0   12:27    SW
11  50.5  57.3   15:09  46.6   08:02  14.5   0.0  0.00   4.0  17.0   15:42   ENE
12  58.4  70.3   12:02  49.0   07:59   7.4   0.8  0.00   2.1  15.0   21:21     E
13  56.6  63.2   15:01  49.1   23:15   8.4   0.0  0.00   2.0  15.0   02:20    SW
14  53.0  64.4   15:10  43.6   05:46  12.0   0.0  0.00   1.1  10.0   15:36   SSW
15  57.8  67.9   10:39  48.7   23:57   7.3   0.1  0.00   3.4  25.0   12:10    SW
16  45.3  53.8   15:17  34.0   23:31  19.7   0.0  0.00   1.1  11.0   12:44   WSW
17  43.3  55.6   15:31  33.8   01:49  21.7   0.0  0.00   1.6  14.0   15:58   SSW
18  53.0  59.8   14:31  43.0   00:00  12.0   0.0  0.00   2.1  16.0   17:23     S
19  48.9  57.0   00:49  46.1   05:58  16.1   0.0  0.00   1.7  13.0   01:13   NNE
20  47.0  51.4   14:58  44.8   05:09  18.1   0.0  0.00   2.3  11.0   00:39   NNE
21  56.5  68.1   10:21  47.4   00:00   8.6   0.1  0.00   2.5  26.0   10:28   SSW
22  50.9  53.9   16:54  46.7   03:25  14.1   0.0  0.00   1.6   9.0   13:58   ENE
23  64.8  80.4   14:33  50.8   03:41   5.2   5.0  0.00   2.3  22.0   13:07   SSW
24  44.2  62.0   00:45  36.4   20:31  20.9   0.0  0.00   1.7  11.0   00:29   WNW
25  40.1  45.4   15:19  33.6   05:53  24.9   0.0  0.00   2.3  12.0   16:57   ENE
26  43.6  47.3   12:44  40.7   06:02  21.4   0.0  0.00   0.9   6.0   13:13   ENE
27  43.4  47.8   11:53  40.1   23:26  21.6   0.0  0.00   0.6   7.0   11:45    SW
28  43.6  52.4   15:23  39.8   05:57  21.4   0.0  0.00   1.8  17.0   15:48    SW
29  43.5  49.1   12:41  38.8   02:04  21.5   0.0  0.00   2.3  19.0   19:31    NE
30  36.4  40.2   00:00  33.8   23:54  28.6   0.0  0.00   2.8  15.0   05:43   NNE
31  34.6  45.1   14:47  24.5   08:30  30.4   0.0  0.00   1.0   9.0   13:25   SSW
----------------------------------------------------------------------------------
    50.2  80.4    23    24.5    31   468.3   8.4  0.26   1.9  27.0    10     SSW

Max >=  80.0  1
Max <=  32.0  0
Min <=  32.0  1
Min <=   0.0  0
Max Rain: 0.19 on day 2
Days of Rain: 2 (>= 0.01 in)  1 (>= 0.10 in)  0 (>= 1.00 in)
Heat Base: 65.0  Cool Base: 65.0  Method: Integration