NOAA-Style Climate Reports

Select a Year or Month report
2021: Jan Feb Mar Apr May Jun Jul Aug Sep Oct Nov Dec
2020: Jan Feb Mar Apr May Jun Jul Aug Sep Oct Nov Dec
2019: Jan Feb Mar Apr May Jun Jul Aug Sep Oct Nov Dec
2018: Jan Feb Mar Apr May Jun Jul Aug Sep Oct Nov Dec
2017: Jan Feb Mar Apr May Jun Jul Aug Sep Oct Nov Dec
2016: Jan Feb Mar Apr May Jun Jul Aug Sep Oct Nov Dec

Report for 2020 September
                   Monthly Climatological Summary for Sep 2020

Name: Lockport Weather   City: Lockport   State: NY
Elevation: 625 ft  Lat: N 43° 08' 53"   Lon: W 078° 41' 08"

                  Temperature (°F), Rain (in), Wind Speed (mph)

                                      Heat  Cool        Avg
    Mean                              Deg   Deg         Wind                 Dom
Day Temp  High   Time   Low    Time   Days  Days  Rain  Speed High   Time    Dir
----------------------------------------------------------------------------------
01  72.1  83.2   15:49  62.1   03:58   0.4   7.5  0.00   1.5  10.0   11:01     S
02  72.5  80.7   15:44  62.2   23:55   0.1   7.6  0.08   2.0  17.0   13:42   SSW
03  69.3  82.1   16:09  56.0   06:25   2.2   6.5  0.00   2.2  21.0   17:03    SW
04  64.7  74.2   15:17  53.5   23:59   2.8   2.5  0.00   1.3  12.0   12:47     W
05  60.0  70.9   12:49  49.9   05:49   6.0   1.0  0.00   1.0  13.0   19:01    SW
06  61.8  73.9   16:29  48.0   07:22   5.3   2.0  0.00   0.8   7.0   16:11     S
07  68.1  73.8   13:53  58.2   01:19   0.5   3.7  0.34   4.0  31.0   07:20   SSW
08  63.7  71.9   11:04  60.2   06:19   2.4   1.1  0.00   2.4  14.0   15:12    NE
09  66.1  76.9   15:44  59.6   06:43   1.6   2.7  0.00   2.1   9.0   15:42    NE
10  64.6  68.2   11:48  59.5   23:50   0.9   0.5  0.00   1.4  10.0   16:34     N
11  55.8  59.5   00:00  48.7   23:51   9.2   0.0  0.00   2.0  10.0   10:41   NNE
12  61.5  78.8   16:36  47.4   05:56   6.8   3.4  0.00   2.0  12.0   19:28   ESE
13  67.6  74.9   15:47  63.1   23:58   0.0   2.6  0.66   2.7  20.0   16:00   SSW
14  56.5  63.1   00:00  47.8   21:53   8.5   0.0  0.00   1.3  15.0   13:11     N
15  53.2  65.5   15:49  40.9   07:28  11.8   0.0  0.00   1.0   9.0   12:31   SSW
16  62.5  71.4   15:36  53.5   07:01   4.0   1.5  0.00   2.9  20.0   13:30   SSW
17  62.5  69.8   15:52  55.3   23:59   2.7   0.3  0.00   2.0  13.0   16:36     N
18  53.5  60.7   11:20  43.9   23:58  11.5   0.0  0.00   2.2  14.0   09:43   NNE
19  47.2  58.7   15:52  39.4   07:40  17.8   0.0  0.00   1.4  13.0   15:08   NNE
20  49.4  63.7   15:49  38.2   01:13  15.6   0.0  0.00   1.5  12.0   16:22   ENE
21  51.6  68.8   16:26  36.6   07:17  13.5   0.1  0.00   1.5   8.0   17:08     E
22  55.0  70.3   16:07  39.4   07:06  10.6   0.6  0.00   1.1  12.0   17:14    SW
23  64.2  77.0   14:36  53.2   07:35   3.9   3.1  0.00   1.7  13.0   15:07    SW
24  65.1  77.2   15:37  54.5   03:02   3.3   3.5  0.00   1.7  15.0   14:00   SSW
25  66.3  79.6   15:59  55.3   07:51   2.5   3.7  0.00   0.9   7.0   13:55   SSW
26  65.3  80.2   15:14  54.2   07:07   3.7   4.0  0.00   1.3  12.0   14:10   SSW
27  70.4  82.0   15:11  61.0   23:58   0.4   5.9  0.00   3.0  26.0   10:14   SSW
28  68.5  79.7   15:25  58.6   06:24   1.9   5.4  0.00   1.6  14.0   10:48   SSW
29  60.2  74.7   00:26  55.3   07:45   5.1   0.4  0.00   1.5  20.0   00:36    SW
30  53.9  59.0   18:45  50.5   06:44  11.1   0.0  0.04   2.4  21.0   18:49   SSW
----------------------------------------------------------------------------------
    61.8  83.2     1    36.6    21   166.1  69.6  1.12   1.8  31.0     7     SSW

Max >=  80.0  5
Max <=  32.0  0
Min <=  32.0  0
Min <=   0.0  0
Max Rain: 0.66 on day 13
Days of Rain: 4 (>= 0.01 in)  2 (>= 0.10 in)  0 (>= 1.00 in)
Heat Base: 65.0  Cool Base: 65.0  Method: Integration