NOAA-Style Climate Reports

Select a Year or Month report
2021: Jan Feb Mar Apr May Jun Jul Aug Sep Oct Nov Dec
2020: Jan Feb Mar Apr May Jun Jul Aug Sep Oct Nov Dec
2019: Jan Feb Mar Apr May Jun Jul Aug Sep Oct Nov Dec
2018: Jan Feb Mar Apr May Jun Jul Aug Sep Oct Nov Dec
2017: Jan Feb Mar Apr May Jun Jul Aug Sep Oct Nov Dec
2016: Jan Feb Mar Apr May Jun Jul Aug Sep Oct Nov Dec

Report for 2020 August
                   Monthly Climatological Summary for Aug 2020

Name: Lockport Weather   City: Lockport   State: NY
Elevation: 625 ft  Lat: N 43° 08' 53"   Lon: W 078° 41' 08"

                  Temperature (°F), Rain (in), Wind Speed (mph)

                                      Heat  Cool        Avg
    Mean                              Deg   Deg         Wind                 Dom
Day Temp  High   Time   Low    Time   Days  Days  Rain  Speed High   Time    Dir
----------------------------------------------------------------------------------
01  71.8  85.2   14:14  59.6   06:29   1.1   7.9  0.00   1.3  10.0   18:03     E
02  73.0  82.3   14:11  68.0   04:32   0.0   8.0  0.10   3.9  29.0   19:19   SSW
03  71.7  82.0   16:00  64.0   06:48   0.1   6.8  0.00   1.4  15.0   00:36   SSW
04  69.6  77.3   16:43  63.9   23:24   0.1   4.7  0.45   1.1  10.0   20:38   NNW
05  65.6  75.5   16:09  57.2   23:58   1.7   2.3  0.02   1.6  17.0   17:00    SW
06  63.8  76.6   16:26  52.6   06:16   4.3   3.1  0.00   0.9   8.0   13:47     N
07  67.5  77.6   16:43  59.4   01:11   1.7   4.2  0.00   1.4  13.0   13:37   NNE
08  70.6  82.1   16:22  61.0   03:29   0.9   6.4  0.00   0.8  10.0   14:16     W
09  72.8  83.3   16:01  60.9   06:01   1.0   8.8  0.00   2.4  17.0   12:26   SSW
10  78.5  88.5   16:21  68.9   06:32   0.0  13.5  0.00   1.8  17.0   14:54   SSW
11  75.2  83.5   16:48  66.4   23:56   0.0  10.2  0.22   2.4  22.0   12:52   SSW
12  70.2  84.3   16:34  58.6   06:48   1.2   6.4  0.01   0.5   6.0   10:08    NW
13  72.5  86.4   16:27  61.0   07:16   0.8   8.3  0.00   1.5   9.0   13:58    NE
14  73.2  83.3   13:53  64.7   03:36   0.0   8.2  0.00   2.9  15.0   13:16   ENE
15  73.5  87.0   14:17  64.3   06:50   0.0   8.5  0.14   1.7  11.0   19:48   ESE
16  69.8  79.6   14:13  64.2   02:46   0.0   4.9  0.10   0.7  10.0   13:19   SSW
17  66.3  78.1   13:57  60.4   23:56   1.4   2.7  0.21   0.8  11.0   15:13   WSW
18  65.9  76.2   16:07  58.3   07:05   2.2   3.1  0.00   1.0  10.0   12:57   WNW
19  63.1  73.5   16:51  54.2   23:57   3.8   2.0  0.00   1.1  11.0   12:54   NNW
20  64.8  78.7   16:39  49.8   06:07   4.8   4.6  0.00   1.5  16.0   15:39   SSW
21  71.6  83.9   16:02  58.7   01:56   1.4   8.0  0.00   1.8  14.0   15:05    SW
22  74.2  87.7   16:37  62.3   05:38   0.4   9.5  0.00   1.2  11.0   12:10   SSW
23  75.3  88.5   16:11  62.3   06:50   0.2  10.6  0.00   1.3  14.0   14:04   SSW
24  75.9  87.1   16:01  64.2   06:45   0.0  10.9  0.00   2.0  17.0   16:41    SW
25  73.2  81.0   16:15  66.7   22:28   0.0   8.2  0.09   2.0  16.0   02:20    NW
26  65.7  76.2   16:23  56.6   07:11   1.8   2.6  0.10   0.9   9.0   00:37     N
27  73.4  85.3   12:52  65.7   02:11   0.0   8.4  0.23   1.8  19.0   17:00    SW
28  67.3  71.8   14:01  62.8   07:07   0.2   2.6  0.00   1.3   7.0   12:06    NE
29  71.0  79.6   13:23  64.1   23:55   0.0   6.0  0.00   2.7  19.0   13:06    SW
30  64.6  73.9   15:59  55.9   23:58   2.1   1.6  0.00   1.7  11.0   09:52    NW
31  65.9  79.9   16:22  51.5   06:31   4.4   5.3  0.00   1.8  12.0   13:56     E
----------------------------------------------------------------------------------
    70.2  88.5    10    49.8    20    35.6 198.3  1.67   1.6  29.0     2      SW

Max >=  80.0 17
Max <=  32.0  0
Min <=  32.0  0
Min <=   0.0  0
Max Rain: 0.45 on day 4
Days of Rain: 11 (>= 0.01 in)  8 (>= 0.10 in)  0 (>= 1.00 in)
Heat Base: 65.0  Cool Base: 65.0  Method: Integration