NOAA-Style Climate Reports

Select a Year or Month report
2020: Jan Feb Mar Apr May Jun Jul Aug Sep Oct Nov Dec
2019: Jan Feb Mar Apr May Jun Jul Aug Sep Oct Nov Dec
2018: Jan Feb Mar Apr May Jun Jul Aug Sep Oct Nov Dec
2017: Jan Feb Mar Apr May Jun Jul Aug Sep Oct Nov Dec
2016: Jan Feb Mar Apr May Jun Jul Aug Sep Oct Nov Dec

Report for 2020 June
                   Monthly Climatological Summary for Jun 2020

Name: Lockport Weather   City: Lockport   State: NY
Elevation: 625 ft  Lat: N 43° 08' 53"   Lon: W 078° 41' 08"

                  Temperature (°F), Rain (in), Wind Speed (mph)

                                      Heat  Cool        Avg
    Mean                              Deg   Deg         Wind                 Dom
Day Temp  High   Time   Low    Time   Days  Days  Rain  Speed High   Time    Dir
----------------------------------------------------------------------------------
01  57.6  68.0   16:26  47.3   04:39   7.8   0.4  0.00   2.3  17.0   16:33    SW
02  63.8  74.9   16:58  55.9   00:09   3.5   2.3  0.15   2.9  19.0   15:13   SSW
03  66.5  76.4   17:27  59.6   07:01   1.4   2.9  0.14   1.8  11.0   13:10   SSW
04  69.5  84.5   16:03  54.6   05:50   2.5   7.0  0.00   2.2  16.0   17:17   SSW
05  72.9  83.7   16:45  63.4   05:04   0.2   8.1  0.00   2.1  12.0   16:06   SSW
06  69.5  77.6   15:17  61.0   23:46   0.3   4.8  0.00   1.9  15.0   15:17   WNW
07  61.5  69.3   16:46  53.5   23:59   4.1   0.6  0.00   1.8  13.0   11:44   NNW
08  62.8  74.0   15:55  49.4   06:06   4.9   2.7  0.00   0.9   8.0   15:21     N
09  72.7  88.5   16:20  55.7   05:52   2.2   9.9  0.00   1.2  10.0   13:36   SSW
10  80.7  91.7   16:22  67.5   23:57   0.0  15.7  0.13   2.4  21.0   11:49   SSW
11  68.3  73.1   16:44  61.6   23:47   0.1   3.4  0.14   4.4  23.0   07:13    SW
12  60.5  65.9   13:31  49.4   23:52   4.6   0.0  0.00   2.1  14.0   15:13     W
13  53.9  64.4   16:39  45.1   05:46  11.1   0.0  0.00   1.9  11.0   17:05   NNE
14  55.6  66.1   17:24  43.5   04:41   9.4   0.0  0.00   2.8  14.0   14:07   ENE
15  60.1  71.7   16:03  46.8   05:02   6.4   1.5  0.00   2.4  13.0   11:54   ENE
16  62.9  77.7   16:54  45.7   05:33   5.8   3.7  0.00   1.6  11.0   16:26    NE
17  68.3  82.5   13:45  51.5   04:57   3.1   6.4  0.00   1.4  12.0   15:40    NE
18  72.3  85.2   14:04  57.8   05:49   1.4   8.7  0.00   1.6  12.0   15:06    NE
19  74.1  85.8   15:38  62.5   05:44   0.1   9.3  0.00   1.4  11.0   17:38   SSE
20  74.1  86.0   15:34  61.6   05:32   0.3   9.4  0.00   1.2   9.0   15:31   SSW
21  77.5  90.2   16:30  63.3   05:52   0.1  12.6  0.00   1.4   9.0   13:28   SSW
22  74.3  87.0   13:24  67.7   18:21   0.0   9.3  0.46   1.3  10.0   16:31     S
23  71.1  83.1   11:55  65.3   23:03   0.0   6.1  0.25   2.3  20.0   22:12   SSW
24  64.7  70.0   15:42  60.2   23:32   1.1   0.8  0.00   3.5  19.0   08:36    SW
25  67.4  77.6   17:19  55.3   05:57   2.1   4.5  0.00   1.9  13.0   13:53   SSW
26  70.6  80.7   17:03  60.0   04:33   0.9   6.5  0.00   2.2  19.0   15:49   SSW
27  70.7  78.9   16:23  62.0   00:30   0.2   5.9  0.24   2.4  20.0   15:23   SSW
28  72.5  81.7   15:41  65.6   07:15   0.0   7.5  0.04   1.3   9.0   12:00     W
29  73.9  86.6   16:30  61.0   05:17   0.4   9.4  0.00   1.0   9.0   14:52    NW
30  71.6  79.3   16:25  64.3   05:41   0.0   6.7  0.00   2.2  10.0   11:28    NE
----------------------------------------------------------------------------------
    68.1  91.7    10    43.5    14    74.0 166.1  1.55   2.0  23.0    11     SSW

Max >=  80.0 14
Max <=  32.0  0
Min <=  32.0  0
Min <=   0.0  0
Max Rain: 0.46 on day 22
Days of Rain: 8 (>= 0.01 in)  7 (>= 0.10 in)  0 (>= 1.00 in)
Heat Base: 65.0  Cool Base: 65.0  Method: Integration