NOAA-Style Climate Reports

Select a Year or Month report
2020: Jan Feb Mar Apr May Jun Jul Aug Sep Oct Nov Dec
2019: Jan Feb Mar Apr May Jun Jul Aug Sep Oct Nov Dec
2018: Jan Feb Mar Apr May Jun Jul Aug Sep Oct Nov Dec
2017: Jan Feb Mar Apr May Jun Jul Aug Sep Oct Nov Dec
2016: Jan Feb Mar Apr May Jun Jul Aug Sep Oct Nov Dec

Report for 2020 May
                   Monthly Climatological Summary for May 2020

Name: Lockport Weather   City: Lockport   State: NY
Elevation: 625 ft  Lat: N 43° 08' 53"   Lon: W 078° 41' 08"

                  Temperature (°F), Rain (in), Wind Speed (mph)

                                      Heat  Cool        Avg
    Mean                              Deg   Deg         Wind                 Dom
Day Temp  High   Time   Low    Time   Days  Days  Rain  Speed High   Time    Dir
----------------------------------------------------------------------------------
01  47.9  56.3   18:23  42.2   23:52  17.1   0.0  0.00   2.4  12.0   15:31    SW
02  52.0  64.2   15:36  41.1   00:27  13.0   0.0  0.01   2.6  15.0   11:58     S
03  59.5  72.1   13:48  46.6   04:38   6.9   1.4  0.00   3.1  19.0   11:31   WSW
04  45.9  51.7   17:03  38.1   23:58  19.1   0.0  0.00   3.0  18.0   18:22   WNW
05  41.1  50.5   16:58  29.5   06:12  23.9   0.0  0.00   2.0  12.0   13:22     N
06  45.0  54.7   15:36  37.4   01:04  20.0   0.0  0.00   2.6  17.0   12:56   NNE
07  44.8  60.0   15:11  35.2   05:19  20.2   0.0  0.00   3.0  25.0   15:57   WSW
08  36.8  41.2   15:15  29.9   23:56  28.2   0.0  0.00   2.8  16.0   17:35   WNW
09  35.3  42.1   15:11  28.6   03:21  29.7   0.0  0.00   3.8  24.0   13:37     W
10  43.2  52.7   17:34  31.9   06:12  21.8   0.0  0.00   2.4  16.0   16:46   WSW
11  39.5  43.0   18:05  35.8   23:59  25.5   0.0  0.21   2.8  13.0   11:23   NNW
12  38.0  47.4   12:11  29.5   06:11  27.0   0.0  0.00   2.5  18.0   15:42     W
13  41.5  55.9   16:52  26.6   05:53  23.5   0.0  0.00   1.2   9.0   12:33   WNW
14  51.2  67.0   14:27  34.9   02:34  13.9   0.2  0.05   1.1  10.0   14:07   SSE
15  61.2  74.8   14:47  50.6   23:59   5.3   1.5  0.17   3.4  27.0   12:38    SW
16  55.2  65.7   16:29  46.8   06:20   9.8   0.0  0.00   2.6  11.0   15:02   NNE
17  54.9  64.7   12:16  45.8   06:09  10.1   0.0  0.12   4.5  16.0   09:10   ENE
18  55.0  60.2   13:08  51.3   04:06  10.0   0.0  0.07   6.0  19.0   16:53   ENE
19  58.6  67.5   16:36  50.9   08:05   6.6   0.1  0.00   5.4  17.0   16:27   ENE
20  61.3  74.0   16:39  51.2   23:56   5.3   1.6  0.00   3.4  16.0   15:29     E
21  60.7  75.0   16:30  46.0   05:10   6.6   2.3  0.00   1.7   9.0   16:51   ENE
22  64.7  78.0   15:22  48.8   03:35   4.6   4.3  0.00   1.6  12.0   15:44    NE
23  67.7  78.0   16:19  60.9   05:18   1.0   3.8  0.04   1.1  10.0   16:51    NE
24  72.8  84.8   16:49  61.6   02:23   0.8   8.6  0.01   1.7  13.0   23:12     S
25  76.4  87.9   16:38  67.3   06:01   0.0  11.4  0.00   2.6  19.0   09:01   SSW
26  77.8  91.6   15:50  63.7   05:19   0.1  12.9  0.00   1.4  10.0   15:59   ESE
27  75.7  84.9   16:13  66.6   05:35   0.0  10.7  0.00   1.5  11.0   18:33     S
28  69.6  80.0   11:50  63.7   23:36   0.1   4.6  0.33   1.3  17.0   18:31     S
29  67.1  76.4   11:15  57.6   23:09   1.0   3.1  0.19   2.4  22.0   16:50   SSW
30  57.2  64.3   15:51  52.1   23:59   7.8   0.0  0.12   1.8  17.0   15:57   WSW
31  51.6  59.3   16:39  44.8   04:56  13.4   0.0  0.00   1.6  14.0   13:33    NW
----------------------------------------------------------------------------------
    55.1  91.6    26    26.6    13   372.3  66.5  1.32   2.6  27.0    15     WNW

Max >=  80.0  5
Max <=  32.0  0
Min <=  32.0  6
Min <=   0.0  0
Max Rain: 0.33 on day 28
Days of Rain: 11 (>= 0.01 in)  6 (>= 0.10 in)  0 (>= 1.00 in)
Heat Base: 65.0  Cool Base: 65.0  Method: Integration