NOAA-Style Climate Reports

Select a Year or Month report
2020: Jan Feb Mar Apr May Jun Jul Aug Sep Oct Nov Dec
2019: Jan Feb Mar Apr May Jun Jul Aug Sep Oct Nov Dec
2018: Jan Feb Mar Apr May Jun Jul Aug Sep Oct Nov Dec
2017: Jan Feb Mar Apr May Jun Jul Aug Sep Oct Nov Dec
2016: Jan Feb Mar Apr May Jun Jul Aug Sep Oct Nov Dec

Report for 2020 April
                   Monthly Climatological Summary for Apr 2020

Name: Lockport Weather   City: Lockport   State: NY
Elevation: 625 ft  Lat: N 43 08 53   Lon: W 078 41 08

                  Temperature (°F), Rain (in), Wind Speed (mph)

                                      Heat  Cool        Avg
    Mean                              Deg   Deg         Wind                 Dom
Day Temp  High   Time   Low    Time   Days  Days  Rain  Speed High   Time    Dir
----------------------------------------------------------------------------------
12  51.0  66.1   16:12  33.8   01:16  13.3   0.0  0.00   0.6  14.0   13:08   SSE
13  52.2  62.4   09:42  39.3   23:32  12.8   0.0  0.58   4.7  24.0   18:59    SW
14  38.3  43.9   14:12  31.8   23:56  26.7   0.0  0.00   4.4  22.0   20:04   WSW
15  33.8  40.8   14:05  28.2   06:33  31.2   0.0  0.00   2.5  18.0   12:23   WSW
16  31.8  39.4   16:44  24.3   05:18  33.2   0.0  0.00   2.5  20.0   16:56     W
17  34.0  40.9   11:26  26.0   06:16  31.0   0.0  0.03   1.8  13.0   14:26    SW
18  39.0  47.1   16:48  30.3   06:53  26.0   0.0  0.02   3.1  19.0   18:11    SW
19  43.9  50.2   09:35  33.7   23:32  21.1   0.0  0.22   4.7  25.0   09:03    SW
20  37.6  49.1   15:53  26.7   06:32  27.4   0.0  0.00   1.9  11.0   09:31     E
21  38.8  50.2   04:35  30.5   23:36  26.2   0.0  0.12   5.5  24.0   14:45     W
22  33.9  42.5   15:50  29.0   09:14  31.0   0.0  0.01   3.8  20.0   13:05     W
23  35.8  41.9   15:14  28.0   00:38  29.2   0.0  0.01   3.6  13.0   12:18     E
24  42.1  48.8   11:42  37.7   00:29  22.9   0.0  0.00   4.2  17.0   14:50    NE
25  45.7  59.7   15:47  29.5   06:32  19.3   0.0  0.00   3.3  18.0   17:36   ENE
26  42.0  46.3   00:00  39.3   19:25  23.0   0.0  0.52   5.5  23.0   18:35    NE
27  47.3  57.6   16:11  39.3   03:25  17.7   0.0  0.01   2.6  16.0   11:37   NNE
28  48.7  60.9   17:49  37.6   04:02  16.3   0.0  0.01   2.6  14.0   12:42   ENE
29  57.7  69.1   15:14  46.3   02:45   7.9   0.6  0.00   5.6  23.0   15:04   ESE
30  55.5  61.8   05:31  46.7   23:51   9.5   0.0  0.58   3.1  17.0   01:43    SE
----------------------------------------------------------------------------------
    42.6  69.1    29    24.3    16   425.7   0.6  2.11   3.5  25.0    19     SSW

Max >=  80.0  0
Max <=  32.0  0
Min <=  32.0 10
Min <=   0.0  0
Max Rain: 0.58 on day 13
Days of Rain: 11 (>= 0.01 in)  5 (>= 0.10 in)  0 (>= 1.00 in)
Heat Base: 65.0  Cool Base: 65.0  Method: Integration