NOAA-Style Climate Reports

Select a Year or Month report
2020: Jan Feb Mar Apr May Jun Jul Aug Sep Oct Nov Dec
2019: Jan Feb Mar Apr May Jun Jul Aug Sep Oct Nov Dec
2018: Jan Feb Mar Apr May Jun Jul Aug Sep Oct Nov Dec
2017: Jan Feb Mar Apr May Jun Jul Aug Sep Oct Nov Dec
2016: Jan Feb Mar Apr May Jun Jul Aug Sep Oct Nov Dec

Report for 2020
                   Annual Climatological Summary for 2020

Name: Lockport Weather   City: Lockport   State: NY
Elevation: 625 ft  Lat: N 43° 08' 53"   Lon: W 078° 41' 08"

                  Temperature (°F), Heat Base: 65.0  Cool Base: 65.0
                          Dep.  Heat  Cool                       Max  Max  Min  Min
        Mean  Mean        From  Deg   Deg                        >=   <=   <=   <=
 YR MO  Max   Min   Mean  Norm  Days  Days  Hi  Date  Low  Date 80.0 32.0 32.0   0.0
------------------------------------------------------------------------------------
 20  1
 20  2
 20  3
 20  4  51.5  33.6  42.6  -3.4   426     1  69.1  29  24.3   16    0    0   10    0
 20  5  65.4  45.7  55.1  -2.9   372    66  91.6  26  26.6   13    5    0    6    0
 20  6  78.7  57.3  68.1   0.1    74   166  91.7  10  43.5   14   14    0    0    0
 20  7  85.2  65.9  75.0   3.0     5   314  95.4   9  58.6    5   28    0    0    0
 20  8  81.2  60.9  70.2  -0.8    36   198  88.5  10  49.8   20   17    0    0    0
 20  9  72.3  52.2  61.8  -2.2   166    70  83.2   1  36.6   21    5    0    0    0
 20 10  61.8  44.6  52.9   0.9   258     3  72.3  10  33.8   17    0    0    0    0
 20 11
 20 12
------------------------------------------------------------------------------------
        72.5  52.9  62.3   0.7  1337   818  95.4 Jul  24.3  Apr   69    0   16    0

                                Precipitation (in)

              Dep.   Max        Days of Rain
              From   Obs.           >=
 YR MO Total  Norm   Day Date 0.01 0.10 1.00
---------------------------------------------
 20  4  2.11 -1.59  0.58  13    11    5    0
 20  5  1.32 -1.58  0.33  28    11    6    0
 20  6  1.55 -2.25  0.46  22     8    7    0
 20  7  4.45  0.35  2.12  11     6    5    2
 20  8  1.67 -1.53  0.45   4    11    8    0
 20  9  1.12 -2.38  0.66  13     4    2    0
 20 10  0.26 -3.94  0.19   2     2    1    0
---------------------------------------------
       12.48-12.92  2.12  Jul   53   34    2

                                Wind Speed (mph)
                          Dom
 YR MO   Avg.  Hi   Date  Dir
------------------------------
 20  1
 20  2
 20  3
 20  4   3.5  25.0   19   SSW
 20  5   2.6  27.0   15    NW
 20  6   2.0  23.0   11   SSW
 20  7   1.6  25.0   19    SW
 20  8   1.6  29.0    2    SW
 20  9   1.8  31.0    7   SSW
 20 10   2.0  27.0   10   SSW
 20 11
 20 12
------------------------------
         2.1  31.0  Sep    SW