NOAA-Style Climate Reports

Select a Year or Month report
2020: Jan Feb Mar Apr May Jun Jul Aug Sep Oct Nov Dec
2019: Jan Feb Mar Apr May Jun Jul Aug Sep Oct Nov Dec
2018: Jan Feb Mar Apr May Jun Jul Aug Sep Oct Nov Dec
2017: Jan Feb Mar Apr May Jun Jul Aug Sep Oct Nov Dec
2016: Jan Feb Mar Apr May Jun Jul Aug Sep Oct Nov Dec

Report for 2020 July
                   Monthly Climatological Summary for Jul 2020

Name: Lockport Weather   City: Lockport   State: NY
Elevation: 625 ft  Lat: N 43° 08' 53"   Lon: W 078° 41' 08"

                  Temperature (°F), Rain (in), Wind Speed (mph)

                                      Heat  Cool        Avg
    Mean                              Deg   Deg         Wind                 Dom
Day Temp  High   Time   Low    Time   Days  Days  Rain  Speed High   Time    Dir
----------------------------------------------------------------------------------
01  73.1  84.9   17:06  61.4   05:32   0.5   8.6  0.00   1.2  10.0   12:26   NNE
02  77.4  91.2   15:26  63.9   04:03   0.0  12.5  0.00   1.3  14.0   16:44   WSW
03  77.1  87.7   16:01  67.4   03:07   0.0  12.1  0.00   1.3  11.0   13:06    NW
04  75.9  86.3   16:38  66.4   23:20   0.0  10.9  0.00   1.5  10.0   17:07     N
05  74.7  90.0   17:05  58.6   05:48   1.1  10.8  0.00   1.1  10.0   15:59     W
06  76.6  90.1   13:41  62.6   05:18   0.2  11.8  0.00   1.4   9.0   13:18    NE
07  79.7  92.9   16:24  65.3   05:31   0.0  14.7  0.00   1.6  12.0   23:44   SSW
08  81.2  92.2   15:58  73.8   05:46   0.0  16.2  0.00   2.1  11.0   13:25   SSW
09  81.4  95.4   15:47  68.9   05:49   0.0  16.4  0.00   1.5  12.0   16:27   ESE
10  82.5  94.1   16:21  73.3   05:47   0.0  17.5  0.00   1.8  12.0   00:17   SSE
11  72.8  80.4   11:38  68.3   23:59   0.0   7.8  2.12   1.1  12.0   18:47   WSW
12  71.7  81.6   14:11  63.5   06:19   0.1   6.8  0.05   1.5  13.0   12:44    SW
13  69.7  77.5   16:04  64.5   07:32   0.0   4.7  0.00   1.2  12.0   15:50     W
14  70.2  81.4   17:06  61.3   06:06   0.6   5.7  0.00   0.8   9.0   11:09   WNW
15  73.7  85.7   16:47  60.6   06:16   0.6   9.3  0.00   1.1   9.0   13:17    SE
16  72.4  78.6   09:48  68.6   04:03   0.0   7.4  0.75   1.5  10.0   08:39    SE
17  75.8  83.8   17:06  70.3   07:01   0.0  10.8  0.00   1.9  13.0   00:06    SW
18  76.4  87.5   16:33  64.2   06:27   0.0  11.4  0.00   2.0  17.0   17:20   SSW
19  77.0  86.3   13:13  69.5   02:09   0.0  12.0  0.14   3.1  25.0   13:42   SSW
20  76.4  82.9   17:02  69.6   23:58   0.0  11.4  0.00   2.5  19.0   15:55    SW
21  69.8  78.8   16:56  61.1   06:24   0.6   5.3  0.00   1.1   9.0   15:36   NNE
22  72.6  80.4   17:20  66.8   04:13   0.0   7.6  0.32   1.5  15.0   18:08   SSW
23  74.0  81.2   16:34  68.7   23:58   0.0   9.0  0.00   1.1  10.0   15:53   NNW
24  72.7  82.9   16:21  66.7   03:08   0.0   7.7  0.00   1.7  11.0   16:38   NNE
25  74.2  85.1   15:52  63.2   04:56   0.2   9.4  0.00   0.9  10.0   18:33    SW
26  76.3  87.3   14:32  64.1   06:07   0.1  11.4  0.00   2.6  20.0   16:36   SSW
27  79.6  86.9   13:28  74.3   03:14   0.0  14.6  0.00   3.1  18.0   13:57    SW
28  75.7  82.7   16:25  67.2   07:04   0.0  10.6  0.00   1.9  16.0   15:51    SW
29  71.6  81.9   15:24  65.7   18:16   0.0   6.6  1.07   1.1  15.0   12:32   SSW
30  71.1  82.3   17:03  63.5   07:06   0.1   6.2  0.00   0.9   9.0   18:09   WNW
31  70.3  82.6   16:38  60.3   06:02   1.0   6.4  0.00   1.3  10.0   13:11    NE
----------------------------------------------------------------------------------
    75.0  95.4     9    58.6     5     5.1 313.6  4.45   1.6  25.0    19      SW

Max >=  80.0 28
Max <=  32.0  0
Min <=  32.0  0
Min <=   0.0  0
Max Rain: 2.12 on day 11
Days of Rain: 6 (>= 0.01 in)  5 (>= 0.10 in)  2 (>= 1.00 in)
Heat Base: 65.0  Cool Base: 65.0  Method: Integration